 b be 9/6*(-28)/u. Let l(o) = -o + 2. Determine l(b).
4
Let f(k) = -6*k + 8. Let o be f(-11). Let i = -41 + o. Let q(v) = -i*v + 34*v - 2 - 3 + 3. What is q(2)?
0
Let o = 44 + -138. Let c(d) = d**2 + 20*d + 92. Let s be c(-9). Let v be o/(-18) + (s/(-9) - 1). Let t(f) = -f**2 + 6*f - 3. Calculate t(v).
2
Let l(y) be the second derivative of y**4/6 + 23*y**3/3 + 199*y**2/2 + y - 132. Calculate l(-6).
-5
Suppose 5*q + 139 = -5*f + 24, 0 = -f + 3*q + 5. Let b(m) = -6*m - 80. Give b(f).
16
Let l be -2*(3/(-5))/(6/(-5)). Let n(w) = 6*w**2 - 2*w + 2. Let q be n(l). Let u(d) = 6*d - 13. Determine u(q).
47
Let t(i) = -7*i**2 + 122*i + 123. Let n be t(-1). Let l(h) = -h + 6. Let j be l(4). Let s(o) = -1 - o**j + 2 - 8*o - o. Give s(n).
19
Let z(c) = -c**3 + 3*c**2 + 3*c + 3. Let j = 16 + 109. Let i = j - 121. Calculate z(i).
-1
Let y be 9 - (-13)/((-104)/(-32)). Let q(b) = y - 6*b + 8 + b + b**2 - 12. Give q(8).
33
Let c(g) be the first derivative of -g**2/2 + 9*g + 720. Calculate c(10).
-1
Let q(b) = b**2 - 8*b - 22. Let i(x) be the third derivative of -x**5/60 + 17*x**4/24 - 10*x**3 - 2*x**2 - 25*x. Let m be i(10). Give q(m).
-2
Let v(a) = -a**2 - a + 14. Let o(s) = -s**2 - 4*s + 120. Let y(g) = o(g) - 3*v(g). Calculate y(0).
78
Let x(n) = 3*n**2 + 2*n - 1. Let l = 13527 + -13532. What is x(l)?
64
Let q(z) = -5*z. Let i(k) = -21*k + 2. Let m(w) = -i(w) + 4*q(w). Let f be ((-122)/183)/((-1)/((-42)/(-4))). Determine m(f).
5
Let m(r) = -r**3 - 3*r**2 - 5*r - 4. Let f = 119 + -6. Let o = -116 + f. Give m(o).
11
Let c(m) be the first derivative of m**4/4 + 2*m**3/3 - m**2/2 - 2*m - 753. Let o = 7 + -3. Let k = o - 6. Give c(k).
0
Suppose t = -5*w - 1, 0 = -2*t - 3*w - 27 - 10. Let k = t + 30. Let m(i) = 5 - 6*i + 7*i + k*i. What is m(4)?
25
Let y(r) = 6 - 5*r - 31 + 32 - 26 - 42. Determine y(-9).
-16
Let o(q) = -3*q**3 - 66*q**2 - 1015*q - 32. Let z(g) = -g**3 - 22*g**2 - 314*g - 11. Let a(s) = 4*o(s) - 13*z(s). What is a(-21)?
-6
Let s(b) = 141837867*b + 6 - 141837871*b - 8*b**3 - 3. Determine s(1).
-9
Let q be ((-3)/1)/(33/(-11))*227. Let t = q + -223. Let k(h) be the third derivative of -h**6/120 + h**5/15 + h**4/6 - h**3/6 - 2*h**2. What is k(t)?
15
Let n(l) = l**2 - 2*l - 10. Let k(f) = f**2 - 3*f - 10. Let b(g) = -5*k(g) + 4*n(g). Suppose s + 250*h - 246*h = 8, -3*h = 0. What is b(s)?
2
Let q(i) be the third derivative of 43*i**6/720 + i**5/120 + 53*i**4/12 - 98*i**2. Let g(f) be the second derivative of q(f). What is g(1)?
44
Suppose -3*p + 3*d + 14 = -13, -5*p + 13 = 3*d. Let f(w) = 3*w**2 + 3*w**2 - 7*w**2 + p. Suppose -r - 25 = -5*n + 4, -n + 17 = -3*r. What is f(r)?
-11
Let d(n) = 21 - 154*n**2 + n - 151*n**2 + 459*n**2 - 153*n**2. Determine d(0).
21
Let z be (-30)/6 + 6 - -4. Suppose 2 = 2*a, 32 = -5*v - z*a + 7*a. Let w(g) be the third derivative of g**6/120 + g**5/10 - g**3 + 4*g**2. Calculate w(v).
-6
Suppose -2*d - 5*v + 42 = 0, 5*d = 6183*v - 6184*v + 36. Let g(k) = 4*k**2 - 10*k + 6. Calculate g(d).
90
Let v(s) = -s**2 - 4*s. Let f(p) = 19*p + 79. Let d(l) = 4*l + 16. Let i(q) = -11*d(q) + 2*f(q). Let h be i(-6). Suppose -6 = 4*u + h. Give v(u).
-12
Suppose -92 = -16*c - 31*c + 2. Let f(l) be the first derivative of -1/2*l**c - 19*l + 1/4*l**4 + 1/3*l**3 - 11. Calculate f(0).
-19
Let r(o) = o - 16. Suppose 3*l = 5*t + 58 + 42, -3*t = 5*l - 178. Suppose -33 = k - 2*x, 4*k + 2*x + 76 = -26. Let z = l + k. Give r(z).
-8
Let g(b) = 11*b + 13. Let o(k) = 21*k + 23. Let u(x) = -7*g(x) + 4*o(x). Let z(h) = -10*h - 3. Let j(l) = 5*u(l) + 3*z(l). Determine j(4).
16
Let k be (-4)/(-2) - 9/((-117)/(-104)). Let s(r) = -r**3 - 4*r**2 + 3*r - 11. Give s(k).
43
Let x(i) be the third derivative of -i**6/120 - i**5/30 + i**4/12 + i**3/2 + i**2. Suppose -4*k - 382*c + 377*c + 47 = 0, 0 = 2*k + 4*c - 40. Calculate x(k).
-1
Suppose 0 = -5*q - 61 + 426. Let t = -66 + q. Let z(a) = -a**2 + 7*a - 8. Let u(g) = g**2 - 8*g + 9. Let p(l) = t*z(l) + 6*u(l). What is p(4)?
-14
Let p(h) be the first derivative of -h**6/360 - h**5/30 - 5*h**4/24 - 85*h**3/3 - 37. Let z(c) be the third derivative of p(c). Determine z(-6).
-17
Let u(a) be the second derivative of -a**6/360 + a**5/15 - 7*a**4/24 + 37*a**3/6 + a**2 + 45*a - 2. Let l(b) be the second derivative of u(b). What is l(5)?
8
Let v(l) = -l + 14. Suppose -23 = 3*u + k, -3*u - 9 - 9 = 6*k. Give v(u).
22
Suppose -s - 6 = -0*s. Let h(b) = 9*b**2 - b**3 - 290*b - 15*b**2 - 1 + 291*b. Calculate h(s).
-7
Let c(m) = m - 8. Let a(d) = d**3 - 4*d**2 + 4*d + 4. Suppose 382*g - 6 = 380*g. Let n be a(g). Determine c(n).
-1
Let v(x) = -x**2 + 2*x + 6. Let p(t) = 2*t**2 - 12*t + 5. Let a be p(0). What is v(a)?
-9
Let g(x) be the first derivative of x**7/840 + x**6/36 + x**5/12 + 11*x**4/24 + 86*x**3/3 + 99. Let u(q) be the third derivative of g(q). What is u(-9)?
2
Suppose 4*i - 3*m = -16, -2*i - 5*m - 8 = -7*m. Let c(u) = -2*u**2 - 2*u + 4. Let s(k) = k**2 + k - 2. Let d(f) = -3*c(f) - 5*s(f). Calculate d(i).
10
Let q(v) be the first derivative of 29 + 0*v - 9*v**2 - 1/6*v**4 - 1/60*v**5 + 1/6*v**3. Let r(y) be the second derivative of q(y). Give r(-4).
1
Let d(m) = 5*m + 12 + 9 - 26. Let v be d(2). Let a(y) be the first derivative of -3*y**2/2 + 5*y - 142. Give a(v).
-10
Let f(t) be the second derivative of t**3/6 + 7*t**2/2 - 3945*t. Suppose 5*j + 0*j + 18 = -a, -2*j - 2*a = 4. Determine f(j).
3
Let t(m) = -11*m**2 - m. Let r(c) = -c**2 + 2*c + 1. Let l be ((-3)/(-1))/(30/20). Let v be r(l). Suppose -5*q - w - 2 = 5, w - v = 3*q. What is t(q)?
-10
Let u(b) = -132*b. Let d be u(6). Let a be (-3)/7 - (d/28)/(-11). Let m(c) = -4*c**2 - c + 2. Give m(a).
-31
Suppose t + 26 = -4*j, 26*t + 5*j = 23*t - 57. Let n(y) = 4*y + 65. Determine n(t).
9
Let a(b) = 41*b**2 + 4*b - 57. Let s(k) = -17*k**2 - 2*k + 28. Let l(t) = 2*a(t) + 5*s(t). What is l(3)?
-7
Let j(o) = o**3 + 369*o**2 + 334*o**2 - 7 + 148 - 699*o**2. Calculate j(-7).
-6
Let i(u) = -2 + 0*u**2 + u**2 + 0*u**2. Let h be (4 - (-1 - 2))*6/14. Suppose -h*s + g - 1 = 0, -1 = -s - g - 0. Calculate i(s).
-2
Let d(f) = -f**2 - 10*f - 17. Let b be d(-5). Let q(m) = b*m - 1 + 4 + 19*m - 28*m. Let v be q(9). Let z(g) = -g**3 - 7*g**2 - 7*g - 3. What is z(v)?
3
Let s = -22497 + 22504. Let b(j) = 2*j - j**2 + 8*j + j - 3*j + 7. Calculate b(s).
14
Let f be ((-5)/2)/(3/(-18)). Suppose 0*t = -f*t. Suppose g - 15 + 9 = t. Let k(d) = -d**3 + 5*d**2 + 2*d + 5. Determine k(g).
-19
Let s(w) = -3*w + 28. Suppose 256 = 25*u + 7 - 1. Determine s(u).
-2
Let v(h) = h**3 - 3*h**2 + h. Let y(a) = -10*a**3 + 12*a**2 - 27*a - 24. Let k(i) = -9*v(i) - y(i). What is k(-14)?
-32
Suppose 2*p = -4*v + 18, -5*p + 1 = -0*v - v. Let y be (-3 + 0)/((-33)/22*p). Let k(u) = -5*u + 4. Determine k(y).
-6
Let z(v) be the third derivative of -3*v**5/20 - v**4/12 - v**3/3 - 351*v**2 - v. Give z(-1).
-9
Let v(t) = t**3 + 14*t**2 - 20. Let p(g) = -g**3 + 25*g**2 + 81*g - 23. Let h be p(-3). Give v(h).
-20
Let b(x) = x**3 + 14*x**2 + 8*x + 88. Let d be (-264)/(-40) + -8 - (96/10 - -3). Give b(d).
-24
Let z(g) = 348*g + 160. Let m(o) = 13*o + 6. Let t(p) = 80*m(p) - 3*z(p). Suppose -19 = -5*a + 1. Suppose -20 = -f - a*f. What is t(f)?
-16
Suppose -9*a = 73 - 37. Let g(x) = 6*x + 15. Calculate g(a).
-9
Let i(n) be the third derivative of -n**4/24 + 5*n**3/3 + 6012*n**2. Let l(k) = -k + 1. Let y be l(-6). Calculate i(y).
3
Let a(t) = 3*t**2 - 8*t - 11. Let b(i) be the first derivative of -i**3/3 + 3*i**2/2 + 4*i - 100. Let r(s) = 2*a(s) + 7*b(s). Calculate r(5).
6
Let y(u) = 7*u**2 - 3*u - 2. Let x(p) = p**3 + 43*p**2 + p + 82. Let m be x(-43). Suppose -7*w + m = 46. What is y(w)?
8
Let b(c) = 8*c - 4. Suppose 45*h - 224 = 37*h. Suppose -h = -10*s + 2. Give b(s).
20
Suppose -33*a + 61 = 28*a. Let i(n) = 14*n**2 + 12. Let y(j) = 6*j**2 - j**2 - 3*j**2 - j**2 + 1. Let l(s) = i(s) - 12*y(s). Determine l(a).
2
Let j be ((-36)/(-21))/((-12)/126). Let m(x) = -x**2 + 7*x - 6. Let w be m(3). Let z be w*(-2)/j*9. Let k(p) = p**3 - 7*p**2 + 5*p. Calculate k(z).
-6
Let k(z) = -z**2 - 6*z + 10. Let w(m) = -m**3 - 18*m**2 - 15*m - 1. Let g be w(-17). Let t be (-115)/g + (-4)/14. Suppose -4*n = t + 25. Determine k(n).
3
Let g(m) = -2*m**2 + 12*m**2 + 11055*m - 11*m**2 - 11 - 5 - 11062*m. Suppose 0 = -2*w + 4, -4*b - w + 0*w - 18 = 0